n**2 + n + 2. Let d be b(2). Suppose w + d*w = 0. Suppose w = -c + 1 + 2. What is the units digit of c?
3
Let h be 33/(-7) - (-2)/(-7). Let o(l) = -2*l - 4. Let z be o(h). Suppose c + 3 = z. What is the units digit of c?
3
Let d(p) = 25*p. Let r be d(3). What is the units digit of r/7 + (-4)/(-14)?
1
Suppose n - 83 = -4*i - 0*n, 0 = -n - 1. Let m = i + -36. Let f = -3 - m. What is the tens digit of f?
1
Suppose b = 21 + 14. What is the units digit of b?
5
Let g(q) = 2*q - 13. Let z be g(9). Let r(k) = -k**2 + 5*k + 3. Let n be r(z). Suppose -3*w + 12 = x - w, 0 = -n*x - 2*w + 36. What is the tens digit of x?
1
Suppose 2*y - 17 = -k - 2*y, -y = -4*k + 85. What is the tens digit of k?
2
Suppose -5*d + 123 = -12. What is the units digit of d/(-6)*(-1 + -1)?
9
Let p(j) = -j**2 - 24*j - 31. What is the tens digit of p(-12)?
1
Suppose -a + 5*a = 56. Suppose i = -4*l - 6, 3*i - 3*l - l = a. Suppose -z + i = -5. What is the units digit of z?
7
Let o be (-3)/(-3) - 2 - -3. Suppose 2*x = -5*l + 2, o*x + 4 = -3*l + l. What is the units digit of ((-8)/(-6))/(l/6)?
4
Let s be -4 + 9/3 + 3. Suppose -137 = -s*i - 17. Suppose i = g + 3*g. What is the tens digit of g?
1
What is the tens digit of (-1)/(-3) + 2528/48?
5
What is the tens digit of -1 + (2 - 4) + 122 + -4?
1
Let m(a) = 3*a**2 + 3*a - 14. What is the hundreds digit of m(6)?
1
Suppose 0 = -j + 2*x + 2, 2*j - 5 = -4*x + 7. Suppose -j*v + 4*i + 56 = -4, 0 = -5*v - 4*i + 93. What is the units digit of v?
7
What is the tens digit of (-25 - 6)/(-3 - (-2)/1)?
3
Let b be 2/(0 + (-1 - -3)). Let u be 0/((b + 1)*-1). What is the units digit of 2 + -1*(-1 - u)?
3
Suppose -3*v = 4*i + 3, 3*v + 0 + 3 = 0. Suppose i = 4*h - 0*h - 44. Let k = -3 + h. What is the units digit of k?
8
Let v be 28/(-24) - 2/(-12). What is the units digit of (-4 + 18)*v/(-2)?
7
Let d = -128 + 257. What is the units digit of d?
9
Let h(u) = -5*u**2 - u**3 + u + 9 - 3*u**3 + 13*u**2 + 3*u**3. What is the tens digit of h(8)?
1
Let s = 2 + 8. What is the units digit of s?
0
Suppose -3*v - 66 = -5*m, -5 = m - v - 17. Suppose 3*f + 3 = -5*a, -4*f + 0*a = 2*a - 10. Suppose -p + f*p = m. What is the units digit of p?
5
Suppose 15*o = 10*o + 2*b + 1212, 4*o + 4*b - 964 = 0. What is the units digit of o?
2
Let s = -4 - -26. Suppose 146 = 4*l + s. What is the units digit of l?
1
Suppose 2*j + 9 + 1 = 3*w, 2*j + w + 10 = 0. Let z(d) = -d**2 - 6*d - 3. Let i be z(j). Suppose -f + 1 = 2*q - 4*f, i*q - 4 = 2*f. What is the units digit of q?
5
Suppose 10 = 4*g + 2. What is the units digit of g?
2
What is the hundreds digit of -2*(-1*1 + 2145/(-22))?
1
Let a be -2 + -1 + 56/7. Suppose 19 = 4*z - a*f + 2*f, -21 = -z + 4*f. What is the units digit of z?
1
Let h(r) = -7*r - 3. Let f be h(2). Let s = f + 42. What is the units digit of s?
5
Let j = -8 - -14. Let z = -1 + j. Suppose 0 = 5*i - 4*y - 13, -z*i = 3*y + 2*y - 40. What is the units digit of i?
5
Let f(u) = u**3 + 9*u**2 + 11*u + 5. Let d be f(-7). Suppose 3*i = -22 - d. Let a = -8 - i. What is the units digit of a?
8
Suppose 0 = 4*r - 0*r. Suppose 5*p - p = r. Suppose 0 = -0*d - 3*d - 15, -2*k - 5*d - 7 = p. What is the units digit of k?
9
What is the tens digit of 20/6*630/25?
8
Suppose -9 = 2*s + 11. Let o = -7 - s. Suppose 2*f - o*i - 3 = 0, 5 = -5*f - 2*i + 22. What is the units digit of f?
3
Let c = 45 + -11. What is the tens digit of c?
3
Let n(u) = u + 39. What is the tens digit of n(0)?
3
Let d(c) be the first derivative of -c**3/3 - 7*c**2/2 + 3*c + 4. What is the units digit of d(-6)?
9
Suppose 2*c = 4*c - 10. Suppose c*z - 87 = 83. What is the tens digit of z?
3
Let p be 4/6*(-204)/(-8). Let t = 29 - p. Suppose k = -3*k + t. What is the units digit of k?
3
Let p(a) be the first derivative of a**2/2 - 1. Let t be p(6). Suppose -4*r = -2*d - 24, t*d - 37 = -5*r + 5*d. What is the units digit of r?
7
Suppose 2*c = -5*g - 2*c + 513, -c + 2 = 0. What is the units digit of g/11 - 6/33?
9
Let q(p) = -p**2 - 11*p - 4. Let v be q(-10). Let k be ((-15)/v - -2)*0. Suppose k = -f - 3 + 4. What is the units digit of f?
1
Let x be (-189)/(-45) + (-2)/10. Suppose x*r = 3*n - 44, -5*r - 11 = -n - 0. What is the units digit of n?
6
Let q(w) = 8*w + 45. What is the tens digit of q(25)?
4
Let c be -1 + (0 - -2) + 1. Suppose c*x = 13 + 9. What is the tens digit of x?
1
What is the tens digit of (3/(-2))/(1/34*-1)?
5
Let y be (30/45)/(2/(-3)). Let x be (8/(-6))/(1/(-3)). What is the units digit of (y + 0)/(x/(-16))?
4
Let q = -24 - -12. What is the units digit of 18/q - (-23)/2?
0
Let p(y) be the first derivative of y**4/4 + 2*y**3 + y**2/2 - y - 3. What is the units digit of p(-3)?
3
Let c = -19 + 67. What is the units digit of c?
8
Let j(k) = 4*k - 6. Let h be j(5). Let f be -12*3/(-12)*2. Let v = h - f. What is the units digit of v?
8
Suppose 0 = -3*p + 2*o + 39, 2*p + 6*o - 45 = o. Let z = 16 - p. What is the units digit of z?
1
Suppose f - 5*o + 3 = 7, -5*f + 68 = -o. What is the tens digit of f?
1
Let k = 4 + 2. Suppose 4*g - 5*n = -285, -g - k*n + n = 65. Let t = -50 - g. What is the units digit of t?
0
Let k(x) = x**2 + 11*x - 4. What is the tens digit of k(7)?
2
Let y(b) = b**3 + 11*b**2 + 11*b + 14. Let l be y(-10). Suppose -17 = -5*a + l*a. What is the tens digit of a?
1
Let j(i) = i + 5. Let a be j(-4). Let w(u) = 2*u**3 + u**2 - 1. Let m be w(a). Let k(l) = 2*l**2 + 2. What is the tens digit of k(m)?
1
Let c be (-1*3)/((-6)/8). Suppose -k = 3*b + 2*k - 18, c*b - 4*k - 40 = 0. What is the units digit of b?
8
Suppose 176 = 5*h + 4*r - 8*r, -4*r = -3*h + 104. What is the tens digit of h?
3
Let d be (-4 + 2)/(4/(-80)). Let t = d - 4. What is the tens digit of t?
3
Let v = -69 - -238. What is the units digit of v?
9
Suppose -4*h - 5*s + 561 = 0, 0*s + 15 = 3*s. What is the hundreds digit of h?
1
Let j(n) = -6*n + 5*n**2 - 6*n**2 - 2 + 2*n**2. Let q be j(7). Suppose -4 = b + 5*y, -y - 10 = -q*b + 4*y. What is the units digit of b?
1
Suppose 0 = 5*w + 7*g - 2*g + 10, 0 = -5*w + 5*g - 30. Let a(y) be the first derivative of -3*y**2/2 - 5*y + 11. What is the units digit of a(w)?
7
Suppose 0 = -2*g + g + 8. Suppose 3*k = 4*c - 59, c - 3*k - 18 = g. What is the units digit of c?
1
Let t(b) = b + 1. Let i be t(6). Suppose 1 - i = -2*o. Suppose -3*r + 8 = -2*n, -3*r - 2*r + 26 = o*n. What is the units digit of n?
2
Suppose -47 = -2*o - 15. What is the units digit of o?
6
What is the tens digit of 164/3 + 6/(-9)?
5
Suppose 4*q = 2*g - 8, 3*q - 3*g = -5 - 7. Suppose -5*v = 2*b - 29, q = v + 3*v + 4*b - 28. Suppose -v = 3*p - 17. What is the units digit of p?
4
What is the units digit of ((-12)/(-30)*3)/(2/125)?
5
Suppose -3*n + 33 = -5*h, -h = 3*n - 9 - 24. What is the units digit of n?
1
Suppose v - 3*v + 14 = 0. Let a = 2 + v. What is the units digit of a?
9
Let c(w) = -w. Let u be -3 + 6/1 - 1. Let q be c(u). What is the units digit of (3 - (-11)/q)*-2?
5
Let i(y) = -7*y - 1. Let h be i(-1). Let g = h - 4. Suppose -2*a + 4*m + 2 = 0, -g*m + 24 = 2*a + 4. What is the units digit of a?
7
Let w(r) = -r + 14. Let b be w(9). Suppose 2*g + 2*g - 38 = -b*i, 2*g + 2*i = 18. What is the units digit of g?
7
Let i be (40 + -1 + 4)/1. Suppose 3*s = i - 7. What is the tens digit of s?
1
Suppose -2*q = -q - 18. Let t be 31/6 + (-3)/q. Suppose -2*b = -t - 1. What is the units digit of b?
3
Let q = -12 - -28. What is the units digit of q?
6
Let l(a) = a**3 - 14*a**2 + 2*a - 10. Let v(m) = -41*m**2 + 3*m**3 - 4*m**2 + 4*m**2 - 29 + 7*m. Let z(d) = -17*l(d) + 6*v(d). What is the units digit of z(7)?
3
Suppose -3*t - 5 = -4*y, y - 5 = 3*t - 6. Let k = -1 + t. Suppose k = -3*c - 4*q + 30, 5*c = -4*q + 42. What is the units digit of c?
6
Let u be (-4 - (-2 + -2))/(-1). Let g be (-2)/(8/(-3))*-4. Let i = u - g. What is the units digit of i?
3
Let c(r) = -10*r. Let v be c(-2). What is the units digit of v/(-2)*24/(-15)?
6
Let r be (3/(-4))/(33/(-88)). Suppose 0 = -4*p - 2*j + 42, 4*p + 0*p - r*j - 30 = 0. What is the units digit of p?
9
Let p(z) = -z - 5. Let g be p(-9). Let u(h) = 2 - g*h + h + h + h**2. What is the units digit of u(2)?
2
Let u(z) = 5*z**2 - z - 6. Let x(q) = q**3 + q**2 + 1. Let b(i) = u(i) + x(i). Suppose 0 = -w + 4*f - 2, -w = 4*w - 3*f + 27. What is the units digit of b(w)?
1
Let u be ((-1)/2)/(3/(-24))